f is divided by 13.
8
Suppose -39*j + 1110 = 183*j. Calculate the remainder when 12 is divided by j.
2
Suppose 0 = -c + 2*g + 941, -2*g = -2*c + 588 + 1286. What is the remainder when c is divided by 27?
15
Suppose 5*q = -5*l + 59 + 21, 0 = -3*q + 5*l + 72. Suppose q = -w - 20. Let t = w - -44. What is the remainder when 10 is divided by t?
0
Let o(c) = 608*c**2 - 206*c - 422. Calculate the remainder when o(-2) is divided by 1188.
46
Let f(d) = d**3 + 10*d**2 + 7. Let x be f(-10). Let m = x - 1. Suppose -2*k = 2*n - m*k - 48, -n + k + 22 = 0. Calculate the remainder when 49 is divided by n.
9
Suppose 2*c - 22737 = z, 32*z = c + 28*z - 11344. What is the remainder when c is divided by 121?
119
Let u(n) = -6*n + 14. Let d be u(5). Let j = 64 + d. Suppose 4*k = -3*s + 45 + 3, 4*k - j = s. What is the remainder when 35 is divided by k?
11
Let c(u) = 8*u**2 - 7*u - 6. Let i be c(-1). Suppose i*h - 452 = -2. Calculate the remainder when h is divided by 29.
21
Calculate the remainder when -12*(-1)/(-4) - -1344 is divided by 32.
29
Suppose 5862 = 54*l + 30. What is the remainder when 150 is divided by l?
42
Suppose -2*c + q = -81, 0 = -2*c + 8*q - 3*q + 53. What is the remainder when 655 is divided by c?
39
Let t(x) = 6*x - 8. Let i = -10886 + 10994. What is the remainder when i is divided by t(6)?
24
Suppose 5*h + 3*i + 5 = 0, 0 = -4*i + 7*i. Let g(a) = -22*a + 3. Calculate the remainder when 1568/24*3/2 is divided by g(h).
23
Let t(o) = o**3 - 10*o**2 + 14*o - 6. Let u be t(9). Let c = u + -30. What is the remainder when 23 is divided by c?
5
Let y = -12307 - -12992. What is the remainder when y is divided by 15?
10
Let r be (-2)/(-7) + (-5151)/21. Suppose 109 = w - 0*w - 3*b, 545 = 5*w - 5*b. What is the remainder when w is divided by r/(-14)*12/15?
11
Suppose 0 = 5*r - 603 + 2228. Let y = 364 + r. What is the remainder when 72 is divided by y?
33
Let n(b) = -2*b + 13. Let l be n(5). Suppose g = -3*f + 12, l*g + 4*f - 60 = f. Calculate the remainder when 62 is divided by g/(-2 - (-7)/2).
14
Calculate the remainder when (1691/95*(-10)/8)/((-2)/40) is divided by 16.
13
Let j(o) = -10*o**3 - 7*o + 42. What is the remainder when j(-6) is divided by 52?
8
Let w = 21 + 62. Calculate the remainder when -5 + (-5 - w)/(-2) is divided by ((-28)/(-6))/((-2)/(-6)).
11
Let c(b) = -20*b + 33. Let x be (1*24/(-15))/((-6)/(-30)). Let s be c(x). Let n = s - 106. Calculate the remainder when n is divided by 44.
43
Let f(t) = -6*t - 46. Let l be f(-7). Calculate the remainder when 150 is divided by 4*(-3)/l - -29.
22
Let b = 1631 + -1608. Calculate the remainder when 233 is divided by b.
3
Let o = -68151 + 68209. Let h(m) = m**2 + m - 7. Calculate the remainder when o is divided by h(-5).
6
Calculate the remainder when 8583 is divided by ((-6)/(-9))/((-32)/(-600)*7/14).
8
Suppose -3*t + 182 = -187. Let u = -29 + 30. Let x(q) = 30*q**3 - q**2 + 2*q. What is the remainder when t is divided by x(u)?
30
Suppose 127*r + 39*r - 27390 = 0. Calculate the remainder when 355 is divided by r.
25
Let x = -5286 + 5387. What is the remainder when 5552 is divided by x?
98
Let n(q) = 2*q**2 - 59*q + 75. Calculate the remainder when (-5172)/(-38) - (-8)/(-76) is divided by n(29).
44
Let r = -28511 - -28512. What is the remainder when 46 is divided by r?
0
Let k(a) = a**3 + 10*a**2 - 25*a + 9. Calculate the remainder when 96 is divided by k(-12).
12
Suppose -2*j = -7*j - 2*o - 1937, -5*j = 3*o + 1938. Let b = j - -426. What is the remainder when b is divided by 10?
9
Suppose -96*t - 1968 = -102*t. Suppose 20*o = 16*o + t. Calculate the remainder when 158 is divided by o.
76
Let s = 431 + -423. Suppose 33*h - 11*h = 2398. What is the remainder when h is divided by s?
5
Let z(k) = 18*k - 2. Suppose -5*a - 3*y - 10 = 0, 4*a + 8*y + 16 = 4*y. What is the remainder when 172 is divided by z(a)?
12
Let d = 31 - 4. Let z be ((-8)/(-3))/(12/216). Let g = z - d. Calculate the remainder when g is divided by 8.
5
Let d(p) = -4*p - 3*p + 107 + 39 + 10. Let y = 34 + -7. Calculate the remainder when y is divided by d(20).
11
Let v(j) = -882*j - 18827. Calculate the remainder when v(-22) is divided by 105.
52
Suppose -11*c + 2*c + 31507 = 28888. What is the remainder when c is divided by 37?
32
Suppose 77*v = 66*v - 10934. Let l = 996 + v. Calculate the remainder when 31 is divided by l.
1
What is the remainder when 1313 is divided by 154/11 + 0/1?
11
Let r = 342 + -660. Let n = -312 - r. Calculate the remainder when 76 is divided by n.
4
Let l(d) = 3*d + 1. Let h be l(-4). Let n = -11 - h. Suppose 25 = 3*v + 5*m, n = -2*m - 0*m - 2. What is the remainder when 48 is divided by v?
8
Suppose -68 = -y + 5*a, 2*a = -2*y + 17 + 179. Calculate the remainder when 12461 is divided by y.
92
Let q = 32 - 29. Suppose q*d + 247 = 8*d - 3*x, 3*d - 154 = -4*x. Calculate the remainder when d is divided by 17.
16
Suppose 53*n - 14536 = -59*n - 2664. What is the remainder when 197 is divided by n?
91
Let t(r) = 22*r + 112. Suppose 0 = 35*u - 33*u + 10. Calculate the remainder when t(u) is divided by 1.
0
Suppose 4*c + 360 = 16*c. Suppose -c = -12*i + 30. What is the remainder when 45 is divided by i?
0
What is the remainder when -10 + 796586/255 - (3 - (-188)/(-60)) is divided by 777?
6
Let a be 2 + -5 + (3 - -165). Let m = a + -85. Suppose 0*y = -j - 2*y + 15, 5*j + 4*y = 81. Calculate the remainder when m is divided by j.
12
Let k(l) = l**3 - 8*l**2 + 8*l - 30. Let h be k(7). Let m be 1/((-2)/h)*12. Suppose -m = -4*v - 2*v. What is the remainder when v is divided by 6?
5
Suppose -2*s = 3*k - 18, -5*k + s + 37 = 2*s. Let a = 1640 - 1553. What is the remainder when a is divided by k?
7
Suppose -117*u = -131*u + 2450. What is the remainder when 2969 is divided by u?
169
Suppose 32*c = 114*c - 17220. Calculate the remainder when c is divided by 132.
78
Let r(c) = -3*c**2 - 3*c + 20. Let u be r(-5). Let v = u - -85. What is the remainder when 75 is divided by ((-288)/v)/((-4)/10)?
11
Let j = 1394 - 1357. What is the remainder when 184 is divided by j?
36
Suppose 10587*g - 45500 = 10559*g. Calculate the remainder when g is divided by 148.
145
Let k(o) = o**3 + 2*o**2 + 18*o + 46. Calculate the remainder when 2609 is divided by k(0).
33
Let v = 14292 - 14197. What is the remainder when 225 is divided by v?
35
Suppose o - 399 = -5*x, -319 = -4*x - 0*o - o. Suppose -18517*v - 700 = -18545*v. Calculate the remainder when x is divided by v.
5
Suppose 5*x - 247 = -14*x - 0*x. What is the remainder when (-1 - -7)*(-342)/(-27) is divided by x?
11
Suppose 0 = -23*l + 145 - 1410. Let w = 18 - l. What is the remainder when w is divided by 14?
3
Let p be 204 + -11 - (7 - 0). Let u = 217 - p. Calculate the remainder when 242 is divided by u.
25
Suppose 3*q - 2055 = 3*g, 7*q - 2*q = -4*g - 2785. Let f(m) = m**3 - 11*m**2 - 2*m + 35. What is the remainder when 1/(-2) - g/20 is divided by f(11)?
8
Suppose -352 = 5162*y - 5184*y. What is the remainder when y is divided by 14*((-3)/(-2) + -1)?
2
Suppose -2*k + 20 = -110. Suppose -727*w = -740*w + 195. Calculate the remainder when k is divided by w.
5
Suppose 0 = -3*p - 1308*a + 1304*a + 27, -5*p + 5*a + 10 = 0. Calculate the remainder when 52 - 1*(-2 + 1) is divided by p.
3
Let p = -17784 + 18511. Calculate the remainder when 2914 is divided by p.
6
Suppose 13 + 17 = -5*x. Let q = x + 41. Calculate the remainder when 960/q + (-16)/(-28) is divided by 8.
4
Let p(z) = -z**2 - 503 + 251 + 255 + 28*z. Calculate the remainder when p(5) is divided by 38.
4
Suppose 0*q = -q - 5*i + 28, -2*i - 8 = -2*q. What is the remainder when 1*152/(-6)*-3 is divided by (-2 + q)*(-112)/(-32)?
13
What is the remainder when 733 is divided by ((-57)/(-4))/((-31)/(-620))?
163
Let j = -1007 - -1134. What is the remainder when 255 is divided by j?
1
Suppose -574 = -5*r + 4*q, 3*r + 452*q - 457*q = 334. Calculate the remainder when 5190 is divided by r.
116
Let x(z) = 15*z + 34. Suppose -5*q = 64 - 149. Calculate the remainder when x(q) is divided by 29.
28
Suppose 576*y - 573*y - a = 1617, -2*a - 549 = -y. Calculate the remainder when y is divided by 90.
87
Let x = -43 - -45. Suppose 0 = x*b - 30 - 72. Suppose -n = -5, -5*k + 3*k - n + b = 0. What is the remainder when k is divided by 8?
7
Let s(p) = p - 11. L